278088 and 6104?
56
Calculate the highest common factor of 2100770 and 98.
14
What is the highest common divisor of 1250 and 8353300?
50
What is the greatest common divisor of 11572485 and 45?
15
What is the highest common divisor of 662991 and 482?
241
What is the highest common divisor of 1073520 and 28329?
1491
What is the highest common factor of 179467 and 153959?
911
What is the highest common factor of 85080 and 8400?
120
What is the highest common factor of 1123893 and 47139?
2481
Calculate the highest common factor of 222897 and 130071.
573
What is the highest common divisor of 17752 and 53420206?
4438
Calculate the greatest common factor of 35 and 7630301.
7
Calculate the highest common factor of 1046375 and 88000.
1375
What is the greatest common factor of 20150 and 7010900?
650
What is the greatest common factor of 720552 and 4200?
168
What is the highest common factor of 29371188 and 616?
308
What is the highest common factor of 88208 and 47114992?
2384
Calculate the highest common factor of 588 and 7201572.
84
Calculate the highest common divisor of 7608 and 9997863.
951
What is the highest common factor of 18568 and 16753?
11
Calculate the highest common factor of 806 and 32107010.
806
Calculate the greatest common factor of 74669580 and 54.
54
Calculate the greatest common factor of 12628 and 38815084.
308
What is the greatest common divisor of 1712 and 9529206?
214
What is the greatest common divisor of 3220263943 and 13?
13
Calculate the greatest common divisor of 193042896 and 32.
16
Calculate the greatest common factor of 62816 and 623584.
416
What is the highest common factor of 4288643 and 4005?
89
What is the greatest common factor of 6561014 and 136?
34
What is the highest common factor of 8967 and 806295?
147
Calculate the greatest common divisor of 21798 and 112722302.
2422
Calculate the highest common factor of 16265180 and 140.
20
Calculate the greatest common factor of 126060 and 1473120.
660
Calculate the greatest common divisor of 382969 and 3599.
59
Calculate the highest common divisor of 2544856806 and 6.
6
What is the greatest common divisor of 1535 and 12645?
5
What is the greatest common divisor of 23914701 and 1773?
9
Calculate the highest common factor of 150643 and 84027.
757
Calculate the highest common divisor of 9 and 420660261.
9
What is the greatest common divisor of 400 and 725800?
200
Calculate the greatest common factor of 3830681 and 159.
53
What is the highest common factor of 674899 and 9120?
19
Calculate the highest common divisor of 192299 and 275500.
551
What is the highest common divisor of 220690 and 74530?
290
Calculate the highest common factor of 3601599 and 12048.
753
What is the highest common divisor of 644787 and 52?
13
What is the greatest common divisor of 466568473 and 721?
721
Calculate the greatest common divisor of 3691500 and 31924.
92
What is the highest common factor of 1629 and 51647445?
1629
Calculate the highest common divisor of 113133 and 55599.
129
What is the greatest common divisor of 467651296 and 588?
196
Calculate the highest common factor of 2835 and 369390.
105
Calculate the highest common divisor of 18361 and 92082977.
427
Calculate the greatest common factor of 172298 and 1471694.
434
Calculate the highest common factor of 6154 and 195058.
34
What is the highest common factor of 1784 and 2097538?
446
Calculate the highest common factor of 47423744 and 35255.
641
What is the highest common factor of 25105872 and 4896?
816
Calculate the greatest common factor of 62801420 and 31460.
2420
What is the greatest common divisor of 3490234 and 22?
22
What is the highest common factor of 3285 and 15641491?
73
Calculate the greatest common divisor of 7955003 and 28420.
49
Calculate the highest common factor of 207 and 198036.
9
Calculate the highest common factor of 853 and 78008556.
853
What is the highest common divisor of 420588 and 210?
42
What is the highest common divisor of 2733397 and 679174?
5567
What is the highest common divisor of 2100465 and 459?
27
What is the greatest common divisor of 24682 and 17794?
574
Calculate the greatest common factor of 10080 and 52092.
36
Calculate the greatest common factor of 62954145 and 340.
85
What is the greatest common divisor of 5201850 and 2550?
150
Calculate the highest common divisor of 2326117088 and 32.
32
What is the highest common divisor of 12492 and 4143180?
4164
Calculate the highest common factor of 14 and 75462163.
7
Calculate the highest common factor of 173027 and 13703.
71
What is the greatest common divisor of 1836 and 1161162?
54
What is the highest common factor of 186449 and 2003335?
3967
Calculate the highest common divisor of 42764 and 16996.
4
Calculate the greatest common divisor of 12027269 and 2353.
181
Calculate the greatest common divisor of 5203 and 173548.
43
What is the highest common divisor of 24792 and 267684?
12
Calculate the greatest common factor of 64 and 6601136.
16
Calculate the highest common factor of 10144476 and 333.
9
Calculate the greatest common factor of 273900 and 50645100.
3300
Calculate the highest common factor of 557 and 3262349.
557
What is the highest common factor of 106375 and 201825?
575
Calculate the highest common divisor of 153 and 30177193.
17
What is the highest common factor of 155187725 and 3325?
3325
What is the greatest common divisor of 7786 and 433726?
458
What is the greatest common divisor of 3763 and 345486?
71
Calculate the greatest common factor of 86621 and 6879919.
1843
Calculate the highest common divisor of 235230065 and 658.
329
What is the highest common factor of 81 and 170197119?
81
Calculate the highest common divisor of 112890 and 1153395.
1065
What is the highest common factor of 21489 and 901797?
741
What is the greatest common factor of 476 and 488467?
7
Calculate the highest common divisor of 144 and 4445523.
9
Calculate the greatest common factor of 1033824 and 109626.
726
Calculate the highest common factor of 162541049 and 11.
11
What is the greatest common divisor of 69700 and 522580?
340
Calculate the greatest common divisor of 9240 and 1331220.
660
What is the greatest common factor of 560 and 70179830?
70
What is the greatest common factor of 3224 and 139795616?
248
What is the highest common divisor of 400 and 11119152?
16
Calculate the greatest common divisor of 58 and 2049343.
29
Calculate the greatest common factor of 14461753 and 94564.
503
What is the highest common factor of 3273788 and 4?
4
Calculate the highest common factor of 8865 and 298410675.
2955
What is the highest common factor of 3666814956 and 14?
14
What is the highest common divisor of 87382467 and 63?
9
Calculate the greatest common factor of 247833 and 90316.
67
What is the highest common divisor of 160115544 and 424?
424
What is the highest common divisor of 51291 and 7228?
139
What is the greatest common divisor of 10 and 31699240?
10
What is the greatest common divisor of 9401520 and 9360?
240
What is the highest common factor of 3270 and 6855010?
1090
What is the highest common divisor of 29406059 and 965?
193
Calculate the greatest common divisor of 530644 and 2252.
4
What is the highest common factor of 35 and 75204150?
35
Calculate the greatest common factor of 605905362 and 1202.
1202
Calculate the highest common divisor of 180 and 1098520740.
180
Calculate the highest common factor of 72 and 178663932.
36
What is the greatest common divisor of 1667103 and 312245?
317
Calculate the greatest common divisor of 15741 and 1750272.
159
What is the highest common divisor of 2832 and 315417540?
708
Calculate the highest common divisor of 240302 and 65743.
2267
What is the highest common factor of 1759188 and 2604?
372
What is the highest common divisor of 317660007 and 217?
217
Calculate the greatest common factor of 3070798 and 2511.
31
Calculate the highest common divisor of 312910 and 1040.
130
What is the highest common divisor of 101745 and 30420?
45
Calculate the highest common divisor of 94518 and 185265782.
10502
What is the highest common divisor of 4254 and 234474099?
2127
Calculate the highest common factor of 1672419 and 1909383.
4557
What is the greatest common divisor of 204 and 1358912?
68
What is the highest common factor of 17292 and